rime factors of 1407085?
5, 347, 811
What are the prime factors of 6403210?
2, 5, 11, 58211
What are the prime factors of 2677144?
2, 334643
List the prime factors of 297964.
2, 163, 457
List the prime factors of 18660551.
7, 13, 47, 4363
List the prime factors of 705569.
41, 17209
List the prime factors of 6080108.
2, 47, 32341
List the prime factors of 1310004.
2, 3, 36389
What are the prime factors of 85706?
2, 42853
What are the prime factors of 3016491?
3, 503, 1999
List the prime factors of 367921.
97, 3793
What are the prime factors of 319545?
3, 5, 263
What are the prime factors of 192962?
2, 7, 11, 179
List the prime factors of 210857.
210857
What are the prime factors of 383655?
3, 5, 25577
What are the prime factors of 1266340?
2, 5, 63317
What are the prime factors of 1495875?
3, 5, 3989
What are the prime factors of 87085?
5, 17417
List the prime factors of 1171420.
2, 5, 37, 1583
What are the prime factors of 636904?
2, 79613
List the prime factors of 120852.
2, 3, 373
List the prime factors of 59410.
2, 5, 13, 457
List the prime factors of 1216395.
3, 5, 27031
List the prime factors of 7805070.
2, 3, 5, 7, 13, 953
List the prime factors of 488037.
3, 11, 23, 643
List the prime factors of 34270980.
2, 3, 5, 17, 33599
What are the prime factors of 1282581?
3, 67, 709
What are the prime factors of 65150?
2, 5, 1303
What are the prime factors of 133148?
2, 33287
What are the prime factors of 96174?
2, 3, 13, 137
What are the prime factors of 67391?
67391
What are the prime factors of 814928?
2, 31, 53
List the prime factors of 3624309.
3, 13, 30977
What are the prime factors of 6604517?
17, 22853
What are the prime factors of 759833?
759833
What are the prime factors of 770206?
2, 89, 4327
What are the prime factors of 12336458?
2, 17, 107, 3391
List the prime factors of 8157598.
2, 4078799
List the prime factors of 27968504.
2, 3496063
List the prime factors of 63700.
2, 5, 7, 13
List the prime factors of 869517.
3, 11, 8783
What are the prime factors of 5791926?
2, 3, 7, 239, 577
List the prime factors of 1266378.
2, 3, 211063
What are the prime factors of 5820456?
2, 3, 242519
What are the prime factors of 1210948?
2, 97, 3121
What are the prime factors of 1037786?
2, 518893
What are the prime factors of 1769284?
2, 11, 79, 509
List the prime factors of 768604.
2, 17, 89, 127
What are the prime factors of 11348087?
43, 263909
List the prime factors of 19162819.
13, 733, 2011
What are the prime factors of 295920?
2, 3, 5, 137
What are the prime factors of 548778?
2, 3, 91463
List the prime factors of 699244.
2, 7, 13, 17, 113
List the prime factors of 211746.
2, 3, 35291
What are the prime factors of 302937?
3, 241, 419
List the prime factors of 413954.
2, 23, 8999
What are the prime factors of 95413?
95413
What are the prime factors of 1391371?
277, 5023
What are the prime factors of 7525530?
2, 3, 5, 83617
List the prime factors of 535075.
5, 17, 1259
What are the prime factors of 572882?
2, 97, 2953
What are the prime factors of 66656?
2, 2083
List the prime factors of 1140972.
2, 3, 7, 17, 47
What are the prime factors of 1063074?
2, 3, 53, 3343
List the prime factors of 41262.
2, 3, 13, 23
What are the prime factors of 139842?
2, 3, 17, 457
What are the prime factors of 5964020?
2, 5, 298201
List the prime factors of 24464636.
2, 7, 73, 11969
List the prime factors of 22601831.
7, 151, 21383
List the prime factors of 70449.
3, 23, 1021
What are the prime factors of 5336748?
2, 3, 148243
List the prime factors of 3656667.
3, 7, 31, 41, 137
List the prime factors of 1222301.
103, 11867
List the prime factors of 155198.
2, 73, 1063
List the prime factors of 32596257.
3, 10865419
List the prime factors of 216745.
5, 67, 647
List the prime factors of 11696172.
2, 3, 19, 43, 1193
What are the prime factors of 859282?
2, 17, 127, 199
What are the prime factors of 2249907?
3, 11, 29, 2351
List the prime factors of 24781.
24781
What are the prime factors of 23960641?
23, 29, 35923
What are the prime factors of 22930945?
5, 4586189
List the prime factors of 4386373.
1451, 3023
List the prime factors of 2009995.
5, 13, 17, 107
What are the prime factors of 2947315?
5, 7, 107, 787
List the prime factors of 14886838.
2, 7443419
List the prime factors of 280537.
280537
What are the prime factors of 1182386?
2, 591193
What are the prime factors of 1581625?
5, 12653
List the prime factors of 12349638.
2, 3, 7, 37, 883
List the prime factors of 2992127.
113, 26479
What are the prime factors of 8452087?
7, 1207441
What are the prime factors of 195636?
2, 3, 7, 17, 137
List the prime factors of 309934.
2, 353, 439
What are the prime factors of 3575354?
2, 31, 57667
List the prime factors of 5085261.
3, 17, 1231
What are the prime factors of 563013?
3, 11, 47
What are the prime factors of 167008?
2, 17, 307
List the prime factors of 251275.
5, 19, 23
List the prime factors of 946832.
2, 17, 59
What are the prime factors of 333934?
2, 166967
List the prime factors of 786157.
229, 3433
List the prime factors of 28614191.
28614191
List the prime factors of 533994.
2, 3, 61, 1459
What are the prime factors of 737967?
3, 245989
List the prime factors of 398240.
2, 5, 19, 131
What are the prime factors of 127779?
3, 191, 223
List the prime factors of 24689735.
5, 7, 705421
What are the prime factors of 711775?
5, 71, 401
What are the prime factors of 1014400?
2, 5, 317
List the prime factors of 7211920.
2, 5, 90149
What are the prime factors of 12349925?
5, 7, 70571
What are the prime factors of 11201563?
59, 373, 509
What are the prime factors of 24400496?
2, 1525031
What are the prime factors of 2114056?
2, 7, 5393
What are the prime factors of 1053963?
3, 181, 647
What are the prime factors of 691923?
3, 19, 61, 199
What are the prime factors of 3661586?
2, 61, 30013
What are the prime factors of 466940?
2, 5, 37, 631
List the prime factors of 19214735.
5, 3842947
List the prime factors of 84002.
2, 97, 433
List the prime factors of 5191778.
2, 977, 2657
List the prime factors of 210724.
2, 139, 379
List the prime factors of 9425324.
2, 103, 22877
List the prime factors of 3716397.
3, 79, 5227
What are the prime factors of 15037523?
15037523
What are the prime factors of 15077335?
5, 7, 13, 2549
List the prime factors of 1374665.
5, 211, 1303
What are the prime factors of 270434?
2, 23, 5879
List the prime factors of 3552728.
2, 17, 151, 173
What are the prime factors of 331142?
2, 7, 31, 109
List the prime factors of 41741.
7, 67, 89
List the prime factors of 321816.
2, 3, 11, 23, 53
List the prime factors of 11389354.
2, 17, 457, 733
What are the prime factors of 8079499?
31, 260629
What are the prime factors of 1105899?
3, 368633
What are the prime factors of 3118206?
2, 3, 7, 13, 5711
List the prime factors of 6057768.
2, 3, 173, 1459
What are the prime factors of 1316883?
3, 438961
What are the prime factors of 8324280?
2, 3, 5, 19, 1217
What are the prime factors of 5187663?
3, 13, 101, 439
List the prime factors of 1974222.
2, 3, 67, 1637
List the prime factors of 7355274.
2, 3, 1225879
List the prime factors of 2742.
2, 3, 457
What are the prime factors of 2534507?
967, 2621
What are the prime factors of 218736?
2, 3, 7, 31
List the prime factors of 1789045.
5, 357809
List the prime factors of 1789496.
2, 19, 61, 193
What are the prime factors of 1726236?
2, 3, 47951
List the prime factors of 1726083.
3, 63929
List the prime factors of 62466.
2, 3, 29, 359
What are the prime factors of 493465?
5, 7, 23, 613
What are the prime factors of 4631?
11, 421
List the prime factors of 1304981.
1304981
List the prime factors of 5643029.
7, 239, 3373
What are the prime factors of 261573?
3, 13, 19, 353
What are the prime factors of 13557196?
2, 3389299
List the prime factors of 8755198.
2, 4377599
What are the prime factors of 9005925?
3, 5, 120079
What are the prime factors of 13993289?
37, 131, 2887
What are the prime factors of 36740698?
2, 971, 18919
List the prime factors of 3277020.
2, 3, 5, 54617
List the prime factors of 10823491.
7, 59, 73, 359
What are the prime factors of 6128376?
2, 3, 255349
List the prime factors of 162328.
2, 103, 197
List the prime factors of 3525964.
2, 13, 67807
What are the prime factors of 283112?
2, 43, 823
L